{"id":6445,"date":"2025-02-22T17:17:52","date_gmt":"2025-02-22T16:17:52","guid":{"rendered":"https:\/\/lesescholiers.fr\/site\/?page_id=6445"},"modified":"2025-11-12T18:02:00","modified_gmt":"2025-11-12T17:02:00","slug":"le-repas-des-fauves","status":"publish","type":"page","link":"https:\/\/lesescholiers.fr\/site\/le-repas-des-fauves\/","title":{"rendered":"Le repas des fauves"},"content":{"rendered":"<div class=\"wpb-content-wrapper\"><p>[vc_row][vc_column css=\u00a0\u00bb.vc_custom_1642877525112{margin-top: 50px !important;}\u00a0\u00bb]\t\r\n\t<div class=\"lc_vc_swp_section_title text_center\">\r\n\t\t\t\r\n\t\t\t<h2 class=\"swp_section_title\">L'<span class=\"lc_vibrant_color\">histoire<\/span><\/h2>\r\n\t\t\t\r\n\r\n\t\t\t\r\n\t\t\t<h4 class=\"section_subtitle\"><\/h4>\r\n\t\t\t\r\n\t<\/div>\r\n\t\r\n\t[\/vc_column][\/vc_row][vc_row][vc_column][vc_column_text css_animation=\u00a0\u00bbfadeIn\u00a0\u00bb css=\u00a0\u00bb.vc_custom_1759593389369{margin-right: 100px !important;}\u00a0\u00bb]<\/p>\n<p dir=\"auto\"><strong>Paris, 1942.<\/strong> Sept convives se retrouvent pour c\u00e9l\u00e9brer un anniversaire, chacun ayant trouv\u00e9 sa mani\u00e8re de s&rsquo;adapter \u00e0 l&rsquo;Occupation allemande. La soir\u00e9e se d\u00e9roule \u00e0 merveille, jusqu&rsquo;\u00e0 ce qu&rsquo;un \u00e9v\u00e9nement dramatique vienne tout bouleverser : deux officiers allemands sont abattus au pied de leur immeuble.<\/p>\n<p dir=\"auto\">En repr\u00e9sailles, la Gestapo investit les lieux et d\u00e9cide de prendre deux otages par appartement. Mais le Commandant Kaubach, reconnaissant l&rsquo;un des convives, M. P\u00e9lissier, un libraire avec qui il entretient des relations courtoises, leur accorde un sursis inattendu : ils pourront finir leur d\u00eener avant de choisir eux-m\u00eames les deux otages.<\/p>\n<p dir=\"auto\"><strong>Une pi\u00e8ce intemporelle et universelle qui vous tiendra en haleine !<\/strong><\/p>\n<p dir=\"auto\">\u00ab\u00a0Le Repas des fauves\u00a0\u00bb n&rsquo;est pas seulement une reconstitution historique, c&rsquo;est une intrigue dramatique qui transcende les \u00e9poques. Chaque spectateur se retrouvera in\u00e9vitablement plong\u00e9 dans une r\u00e9flexion profonde : <strong>\u00ab\u00a0Que ferais-je \u00e0 leur place ?\u00a0\u00bb<\/strong><\/p>\n<p>[\/vc_column_text][\/vc_column][\/vc_row][vc_row][vc_column][vc_single_image image=\u00a0\u00bb6511&Prime; img_size=\u00a0\u00bblarge\u00a0\u00bb css=\u00a0\u00bb\u00a0\u00bb][vc_column_text css_animation=\u00a0\u00bbfadeIn\u00a0\u00bb css=\u00a0\u00bb\u00a0\u00bb]Com\u00e9diens :<br \/>\nSophie : Cathy Denimal \/ Christelle Gobillot<br \/>\nVictor : Arnaud Berthier<br \/>\nMadeleine : Nelly B\u00e9cuwe \/ Caroline Geoffray<br \/>\nVincent :\u00a0 Guillaume Neveau \/ Bruno Pirollet<br \/>\nPierre : Julien Lh\u00e9riteau \/ Nicolas Mathieu<br \/>\nFran\u00e7oise : Francesca Digitello \/ Sylvie Galichet<br \/>\nAndr\u00e9 : Laurent Gustin \/ Aymeric Chauffert<br \/>\nKaubart : Benjamin De Rossi \/ Paul Angelini<\/p>\n<p>Mise en sc\u00e8ne : Michel Bot<br \/>\nPlan Lumi\u00e8res : Aymeric Chauffert\/ Michel Bot<br \/>\nR\u00e9gie, sons : Renaud Belliard<br \/>\nConception de l\u2019affiche : Martine Romand[\/vc_column_text][\/vc_column][\/vc_row][vc_row][vc_column css=\u00a0\u00bb.vc_custom_1642875214355{margin-top: 50px !important;}\u00a0\u00bb]\t\r\n\t<div class=\"lc_vc_swp_section_title text_center\">\r\n\t\t\t\r\n\t\t\t<h2 class=\"swp_section_title\"><span class=\"lc_vibrant_color\">Repr\u00e9sentations<\/span><\/h2>\r\n\t\t\t\r\n\r\n\t\t\t\r\n\t\t\t<h4 class=\"section_subtitle\">Les dates pass\u00e9es et celles \u00e0 venir<\/h4>\r\n\t\t\t\r\n\t<\/div>\r\n\t\r\n\t[\/vc_column][\/vc_row][vc_row][vc_column][vc_column_text css_animation=\u00a0\u00bbfadeIn\u00a0\u00bb css=\u00a0\u00bb\u00a0\u00bb]<\/p>\n<h3>2025<\/h3>\n<h4><em>Au TH\u00c9\u00c2TRE DE L\u2019ECHANGE \u00e0 Annecy <\/em>(26 rue Sommeiller)<\/h4>\n<p>Vendredi 18 avril 20h30<br \/>\nSamedi 19 avril 17h<br \/>\nSamedi 19 avril 20h30<\/p>\n<p>Vendredi 25 avril 20h30<br \/>\nSamedi 26 avril 17h<br \/>\nSamedi 26 avril 20h30<br \/>\nDimanche 27 avril 17h<\/p>\n<p>Vendredi 9 mai 20h30<br \/>\nSamedi 10 mai 17h<br \/>\nSamedi 10 mai 20h30<br \/>\nDimanche 11 mai 17h<\/p>\n<p>Vendredi 16 mai 20h30<br \/>\nSamedi 17 mai 17h<br \/>\nSamedi 17 mai 20h30<br \/>\nDimanche 18 mai 17h<\/p>\n<p>Vendredi 23 mai 20h30<br \/>\nSamedi 24 mai 17h<\/p>\n<p>Vendredi 14 novembre 20h30<br \/>\nSamedi 15 novembre 17h<br \/>\nSamedi 15 novembre 20h30<br \/>\n<del>Dimanche 16 novembre 17h<\/del>\u00a0 <strong>Attention, la repr\u00e9sentation du dimanche 16 novembre 2025 est annul\u00e9e<\/strong><\/p>\n<p>Vendredi 21 novembre 20h30<br \/>\nSamedi 22 novembre 17h<br \/>\nSamedi 22 novembre 20h30<br \/>\nDimanche 23 novembre 17h<\/p>\n<p>Vendredi 28 novembre 20h30<br \/>\nSamedi 29 novembre 17h<br \/>\nSamedi 29 novembre 20h30<br \/>\nDimanche 30 novembre 17h[\/vc_column_text][\/vc_column][\/vc_row][vc_row][vc_column css=\u00a0\u00bb.vc_custom_1642875198531{margin-top: 50px !important;}\u00a0\u00bb]\t\r\n\t<div class=\"lc_vc_swp_section_title text_center\">\r\n\t\t\t\r\n\t\t\t<h2 class=\"swp_section_title\"><span class=\"lc_vibrant_color\">R\u00e9servations<\/span><\/h2>\r\n\t\t\t\r\n\r\n\t\t\t\r\n\t\t\t<h4 class=\"section_subtitle\">Demandez votre place !<\/h4>\r\n\t\t\t\r\n\t<\/div>\r\n\t\r\n\t[\/vc_column][\/vc_row][vc_row][vc_column][vc_raw_js]JTNDYSUyMHRpdGxlJTNEJTIyVmVudGUlMjBkZSUyMGJpbGxldHMlMjBlbiUyMGxpZ25lJTIyJTIwaHJlZiUzRCUyMmh0dHBzJTNBJTJGJTJGd3d3LmJpbGxldHdlYi5mciUyRm11bHRpX2V2ZW50LnBocCUzRm11bHRpJTNEMzUzNDglMjIlMjAlMjBjbGFzcyUzRCUyMnNob3BfZnJhbWUlMjIlMjAlMjB0YXJnZXQlM0QlMjJfYmxhbmslMjIlMjAlMjBkYXRhLXNyYyUzRCUyMmh0dHBzJTNBJTJGJTJGd3d3LmJpbGxldHdlYi5mciUyRm11bHRpX2V2ZW50LnBocCUzRm11bHRpJTNEMzUzNDglMjIlMjAlMjBkYXRhLW1heC13aWR0aCUzRCUyMjEwMCUyNSUyMiUyMCUyMGRhdGEtaW5pdGlhbC1oZWlnaHQlM0QlMjI2MDAlMjIlMjBkYXRhLXNjcm9sbGluZyUzRCUyMm5vJTIyJTIwJTIwZGF0YS1pZCUzRCUyMjM1MzQ4JTIyJTIwJTIwZGF0YS1yZXNpemUlM0QlMjIxJTIyJTNFVmVudGUlMjBkZSUyMGJpbGxldHMlMjBlbiUyMGxpZ25lJTNDJTJGYSUzRSUzQ3NjcmlwdCUyMHR5cGUlM0QlMjJ0ZXh0JTJGamF2YXNjcmlwdCUyMiUyMHNyYyUzRCUyMmh0dHBzJTNBJTJGJTJGd3d3LmJpbGxldHdlYi5mciUyRmpzJTJGZXhwb3J0LmpzJTIyJTNFJTNDJTJGc2NyaXB0JTNF[\/vc_raw_js][\/vc_column][\/vc_row][vc_row][vc_column css=\u00a0\u00bb.vc_custom_1642875169330{margin-top: 50px !important;}\u00a0\u00bb][vc_gallery type=\u00a0\u00bbimage_grid\u00a0\u00bb images=\u00a0\u00bb6490,6489,6491,6488,6492,6493,6494&Prime; img_size=\u00a0\u00bb\u00a0\u00bb css=\u00a0\u00bb\u00a0\u00bb][\/vc_column][\/vc_row][vc_row][vc_column][\/vc_column][\/vc_row][vc_row][vc_column][\/vc_column][\/vc_row]<\/p>\n<\/div>","protected":false},"excerpt":{"rendered":"<p>[vc_row][vc_column css=\u00a0\u00bb.vc_custom_1642877525112{margin-top: 50px !important;}\u00a0\u00bb][\/vc_column][\/vc_row][vc_row][vc_column][vc_column_text css_animation=\u00a0\u00bbfadeIn\u00a0\u00bb css=\u00a0\u00bb.vc_custom_1759593389369{margin-right: 100px !important;}\u00a0\u00bb] Paris, 1942. Sept convives se retrouvent pour c\u00e9l\u00e9brer un anniversaire, chacun ayant trouv\u00e9 sa mani\u00e8re de s&rsquo;adapter \u00e0 l&rsquo;Occupation allemande. La soir\u00e9e se d\u00e9roule \u00e0 merveille, jusqu&rsquo;\u00e0 ce qu&rsquo;un \u00e9v\u00e9nement dramatique vienne&#8230;<\/p>\n","protected":false},"author":1,"featured_media":0,"parent":0,"menu_order":0,"comment_status":"closed","ping_status":"closed","template":"","meta":{"_exactmetrics_skip_tracking":false,"_exactmetrics_sitenote_active":false,"_exactmetrics_sitenote_note":"","_exactmetrics_sitenote_category":0,"footnotes":""},"class_list":["post-6445","page","type-page","status-publish","hentry"],"_links":{"self":[{"href":"https:\/\/lesescholiers.fr\/site\/wp-json\/wp\/v2\/pages\/6445","targetHints":{"allow":["GET"]}}],"collection":[{"href":"https:\/\/lesescholiers.fr\/site\/wp-json\/wp\/v2\/pages"}],"about":[{"href":"https:\/\/lesescholiers.fr\/site\/wp-json\/wp\/v2\/types\/page"}],"author":[{"embeddable":true,"href":"https:\/\/lesescholiers.fr\/site\/wp-json\/wp\/v2\/users\/1"}],"replies":[{"embeddable":true,"href":"https:\/\/lesescholiers.fr\/site\/wp-json\/wp\/v2\/comments?post=6445"}],"version-history":[{"count":9,"href":"https:\/\/lesescholiers.fr\/site\/wp-json\/wp\/v2\/pages\/6445\/revisions"}],"predecessor-version":[{"id":6516,"href":"https:\/\/lesescholiers.fr\/site\/wp-json\/wp\/v2\/pages\/6445\/revisions\/6516"}],"wp:attachment":[{"href":"https:\/\/lesescholiers.fr\/site\/wp-json\/wp\/v2\/media?parent=6445"}],"curies":[{"name":"wp","href":"https:\/\/api.w.org\/{rel}","templated":true}]}}

<div class="wpb-content-wrapper"><p>[vc_row][vc_column css= ».vc_custom_1642877525112{margin-top: 50px !important;} »]	
	<div class="lc_vc_swp_section_title text_center">
			
			<h2 class="swp_section_title">L'<span class="lc_vibrant_color">histoire</span></h2>
			

			
			<h4 class="section_subtitle"></h4>
			
	</div>
	
	[/vc_column][/vc_row][vc_row][vc_column][vc_column_text css_animation= »fadeIn » css= ».vc_custom_1759593389369{margin-right: 100px !important;} »]</p>
<p dir="auto"><strong>Paris, 1942.</strong> Sept convives se retrouvent pour célébrer un anniversaire, chacun ayant trouvé sa manière de s&rsquo;adapter à l&rsquo;Occupation allemande. La soirée se déroule à merveille, jusqu&rsquo;à ce qu&rsquo;un événement dramatique vienne tout bouleverser : deux officiers allemands sont abattus au pied de leur immeuble.</p>
<p dir="auto">En représailles, la Gestapo investit les lieux et décide de prendre deux otages par appartement. Mais le Commandant Kaubach, reconnaissant l&rsquo;un des convives, M. Pélissier, un libraire avec qui il entretient des relations courtoises, leur accorde un sursis inattendu : ils pourront finir leur dîner avant de choisir eux-mêmes les deux otages.</p>
<p dir="auto"><strong>Une pièce intemporelle et universelle qui vous tiendra en haleine !</strong></p>
<p dir="auto">« Le Repas des fauves » n&rsquo;est pas seulement une reconstitution historique, c&rsquo;est une intrigue dramatique qui transcende les époques. Chaque spectateur se retrouvera inévitablement plongé dans une réflexion profonde : <strong>« Que ferais-je à leur place ? »</strong></p>
<p>[/vc_column_text][/vc_column][/vc_row][vc_row][vc_column][vc_single_image image= »6511&Prime; img_size= »large » css= » »][vc_column_text css_animation= »fadeIn » css= » »]Comédiens :<br />
Sophie : Cathy Denimal / Christelle Gobillot<br />
Victor : Arnaud Berthier<br />
Madeleine : Nelly Bécuwe / Caroline Geoffray<br />
Vincent :  Guillaume Neveau / Bruno Pirollet<br />
Pierre : Julien Lhériteau / Nicolas Mathieu<br />
Françoise : Francesca Digitello / Sylvie Galichet<br />
André : Laurent Gustin / Aymeric Chauffert<br />
Kaubart : Benjamin De Rossi / Paul Angelini</p>
<p>Mise en scène : Michel Bot<br />
Plan Lumières : Aymeric Chauffert/ Michel Bot<br />
Régie, sons : Renaud Belliard<br />
Conception de l’affiche : Martine Romand[/vc_column_text][/vc_column][/vc_row][vc_row][vc_column css= ».vc_custom_1642875214355{margin-top: 50px !important;} »]	
	<div class="lc_vc_swp_section_title text_center">
			
			<h2 class="swp_section_title"><span class="lc_vibrant_color">Représentations</span></h2>
			

			
			<h4 class="section_subtitle">Les dates passées et celles à venir</h4>
			
	</div>
	
	[/vc_column][/vc_row][vc_row][vc_column][vc_column_text css_animation= »fadeIn » css= » »]</p>
<h3>2025</h3>
<h4><em>Au THÉÂTRE DE L’ECHANGE à Annecy </em>(26 rue Sommeiller)</h4>
<p>Vendredi 18 avril 20h30<br />
Samedi 19 avril 17h<br />
Samedi 19 avril 20h30</p>
<p>Vendredi 25 avril 20h30<br />
Samedi 26 avril 17h<br />
Samedi 26 avril 20h30<br />
Dimanche 27 avril 17h</p>
<p>Vendredi 9 mai 20h30<br />
Samedi 10 mai 17h<br />
Samedi 10 mai 20h30<br />
Dimanche 11 mai 17h</p>
<p>Vendredi 16 mai 20h30<br />
Samedi 17 mai 17h<br />
Samedi 17 mai 20h30<br />
Dimanche 18 mai 17h</p>
<p>Vendredi 23 mai 20h30<br />
Samedi 24 mai 17h</p>
<p>Vendredi 14 novembre 20h30<br />
Samedi 15 novembre 17h<br />
Samedi 15 novembre 20h30<br />
<del>Dimanche 16 novembre 17h</del>  <strong>Attention, la représentation du dimanche 16 novembre 2025 est annulée</strong></p>
<p>Vendredi 21 novembre 20h30<br />
Samedi 22 novembre 17h<br />
Samedi 22 novembre 20h30<br />
Dimanche 23 novembre 17h</p>
<p>Vendredi 28 novembre 20h30<br />
Samedi 29 novembre 17h<br />
Samedi 29 novembre 20h30<br />
Dimanche 30 novembre 17h[/vc_column_text][/vc_column][/vc_row][vc_row][vc_column css= ».vc_custom_1642875198531{margin-top: 50px !important;} »]	
	<div class="lc_vc_swp_section_title text_center">
			
			<h2 class="swp_section_title"><span class="lc_vibrant_color">Réservations</span></h2>
			

			
			<h4 class="section_subtitle">Demandez votre place !</h4>
			
	</div>
	
	[/vc_column][/vc_row][vc_row][vc_column][vc_raw_js]JTNDYSUyMHRpdGxlJTNEJTIyVmVudGUlMjBkZSUyMGJpbGxldHMlMjBlbiUyMGxpZ25lJTIyJTIwaHJlZiUzRCUyMmh0dHBzJTNBJTJGJTJGd3d3LmJpbGxldHdlYi5mciUyRm11bHRpX2V2ZW50LnBocCUzRm11bHRpJTNEMzUzNDglMjIlMjAlMjBjbGFzcyUzRCUyMnNob3BfZnJhbWUlMjIlMjAlMjB0YXJnZXQlM0QlMjJfYmxhbmslMjIlMjAlMjBkYXRhLXNyYyUzRCUyMmh0dHBzJTNBJTJGJTJGd3d3LmJpbGxldHdlYi5mciUyRm11bHRpX2V2ZW50LnBocCUzRm11bHRpJTNEMzUzNDglMjIlMjAlMjBkYXRhLW1heC13aWR0aCUzRCUyMjEwMCUyNSUyMiUyMCUyMGRhdGEtaW5pdGlhbC1oZWlnaHQlM0QlMjI2MDAlMjIlMjBkYXRhLXNjcm9sbGluZyUzRCUyMm5vJTIyJTIwJTIwZGF0YS1pZCUzRCUyMjM1MzQ4JTIyJTIwJTIwZGF0YS1yZXNpemUlM0QlMjIxJTIyJTNFVmVudGUlMjBkZSUyMGJpbGxldHMlMjBlbiUyMGxpZ25lJTNDJTJGYSUzRSUzQ3NjcmlwdCUyMHR5cGUlM0QlMjJ0ZXh0JTJGamF2YXNjcmlwdCUyMiUyMHNyYyUzRCUyMmh0dHBzJTNBJTJGJTJGd3d3LmJpbGxldHdlYi5mciUyRmpzJTJGZXhwb3J0LmpzJTIyJTNFJTNDJTJGc2NyaXB0JTNF[/vc_raw_js][/vc_column][/vc_row][vc_row][vc_column css= ».vc_custom_1642875169330{margin-top: 50px !important;} »][vc_gallery type= »image_grid » images= »6490,6489,6491,6488,6492,6493,6494&Prime; img_size= » » css= » »][/vc_column][/vc_row][vc_row][vc_column][/vc_column][/vc_row][vc_row][vc_column][/vc_column][/vc_row]</p>
</div>

<p>[vc_row][vc_column css= ».vc_custom_1642877525112{margin-top: 50px !important;} »][/vc_column][/vc_row][vc_row][vc_column][vc_column_text css_animation= »fadeIn » css= ».vc_custom_1759593389369{margin-right: 100px !important;} »] Paris, 1942. Sept convives se retrouvent pour célébrer un anniversaire, chacun ayant trouvé sa manière de s&rsquo;adapter à l&rsquo;Occupation allemande. La soirée se déroule à merveille, jusqu&rsquo;à ce qu&rsquo;un événement dramatique vienne&#8230;</p>
