{"id":4805,"date":"2020-08-31T20:00:29","date_gmt":"2020-08-31T19:00:29","guid":{"rendered":"https:\/\/lesescholiers.fr\/site\/?page_id=4805"},"modified":"2021-08-29T10:07:48","modified_gmt":"2021-08-29T09:07:48","slug":"festival-2021","status":"publish","type":"page","link":"https:\/\/lesescholiers.fr\/site\/festival\/festival-2021\/","title":{"rendered":"Festival 2021"},"content":{"rendered":"\n<figure class=\"wp-block-image size-large\"><img fetchpriority=\"high\" decoding=\"async\" width=\"960\" height=\"1440\" src=\"https:\/\/lesescholiers.fr\/site\/wp-content\/uploads\/2020\/08\/affiche-festival-2021.jpg\" alt=\"\" class=\"wp-image-4806\" srcset=\"https:\/\/lesescholiers.fr\/site\/wp-content\/uploads\/2020\/08\/affiche-festival-2021.jpg 960w, https:\/\/lesescholiers.fr\/site\/wp-content\/uploads\/2020\/08\/affiche-festival-2021-200x300.jpg 200w, https:\/\/lesescholiers.fr\/site\/wp-content\/uploads\/2020\/08\/affiche-festival-2021-768x1152.jpg 768w, https:\/\/lesescholiers.fr\/site\/wp-content\/uploads\/2020\/08\/affiche-festival-2021-480x720.jpg 480w\" sizes=\"(max-width: 960px) 100vw, 960px\" \/><\/figure>\n\n\n\n<p>L&rsquo;\u00e9dition 2021 du festival a \u00e9t\u00e9 annul\u00e9e pour cause de Covid.<\/p>\n","protected":false},"excerpt":{"rendered":"<p>L&rsquo;\u00e9dition 2021 du festival a \u00e9t\u00e9 annul\u00e9e pour cause de Covid.<\/p>\n","protected":false},"author":1,"featured_media":0,"parent":303,"menu_order":0,"comment_status":"closed","ping_status":"closed","template":"","meta":{"_exactmetrics_skip_tracking":false,"_exactmetrics_sitenote_active":false,"_exactmetrics_sitenote_note":"","_exactmetrics_sitenote_category":0,"footnotes":""},"class_list":["post-4805","page","type-page","status-publish","hentry"],"_links":{"self":[{"href":"https:\/\/lesescholiers.fr\/site\/wp-json\/wp\/v2\/pages\/4805","targetHints":{"allow":["GET"]}}],"collection":[{"href":"https:\/\/lesescholiers.fr\/site\/wp-json\/wp\/v2\/pages"}],"about":[{"href":"https:\/\/lesescholiers.fr\/site\/wp-json\/wp\/v2\/types\/page"}],"author":[{"embeddable":true,"href":"https:\/\/lesescholiers.fr\/site\/wp-json\/wp\/v2\/users\/1"}],"replies":[{"embeddable":true,"href":"https:\/\/lesescholiers.fr\/site\/wp-json\/wp\/v2\/comments?post=4805"}],"version-history":[{"count":3,"href":"https:\/\/lesescholiers.fr\/site\/wp-json\/wp\/v2\/pages\/4805\/revisions"}],"predecessor-version":[{"id":5302,"href":"https:\/\/lesescholiers.fr\/site\/wp-json\/wp\/v2\/pages\/4805\/revisions\/5302"}],"up":[{"embeddable":true,"href":"https:\/\/lesescholiers.fr\/site\/wp-json\/wp\/v2\/pages\/303"}],"wp:attachment":[{"href":"https:\/\/lesescholiers.fr\/site\/wp-json\/wp\/v2\/media?parent=4805"}],"curies":[{"name":"wp","href":"https:\/\/api.w.org\/{rel}","templated":true}]}}

<figure class="wp-block-image size-large"><img fetchpriority="high" decoding="async" width="960" height="1440" src="https://lesescholiers.fr/site/wp-content/uploads/2020/08/affiche-festival-2021.jpg" alt="" class="wp-image-4806" srcset="https://lesescholiers.fr/site/wp-content/uploads/2020/08/affiche-festival-2021.jpg 960w, https://lesescholiers.fr/site/wp-content/uploads/2020/08/affiche-festival-2021-200x300.jpg 200w, https://lesescholiers.fr/site/wp-content/uploads/2020/08/affiche-festival-2021-768x1152.jpg 768w, https://lesescholiers.fr/site/wp-content/uploads/2020/08/affiche-festival-2021-480x720.jpg 480w" sizes="(max-width: 960px) 100vw, 960px" /></figure>



<p>L&rsquo;édition 2021 du festival a été annulée pour cause de Covid.</p>

<p>L&rsquo;édition 2021 du festival a été annulée pour cause de Covid.</p>
