{"id":439,"date":"2014-07-14T20:29:06","date_gmt":"2014-07-14T19:29:06","guid":{"rendered":"https:\/\/lesescholiers.fr\/site\/?page_id=439"},"modified":"2022-05-11T10:58:47","modified_gmt":"2022-05-11T09:58:47","slug":"contact","status":"publish","type":"page","link":"https:\/\/lesescholiers.fr\/site\/contact\/","title":{"rendered":"Contact"},"content":{"rendered":"<div class=\"wpb-content-wrapper\"><p>[vc_row][vc_column][vc_column_text]<\/p>\n<h2 class=\"wp-block-heading\">Coordonn\u00e9es<\/h2>\n<p>LES ESCHOLIERS<br \/>\nTHEATRE DE L&rsquo;ECHANGE<br \/>\n26 rue Sommeiller<br \/>\n74000 Annecy<\/p>\n<p>T\u00e9l\u00e9phone:<br \/>\n06 52 07 87 98<\/p>\n<p><br \/>\n<\/p>\n<h2 class=\"wp-block-heading\">Plan d&rsquo;acc\u00e8s<\/h2>\n<p><br \/>\n<\/p>\n<figure class=\"wp-block-image\"><a href=\"https:\/\/www.google.fr\/maps\/place\/26+Rue+Sommeiller,+74000+Annecy\/\"><img fetchpriority=\"high\" decoding=\"async\" width=\"599\" height=\"269\" src=\"https:\/\/lesescholiers.fr\/site\/wp-content\/uploads\/2014\/07\/carte.png\" alt=\"carte\" class=\"wp-image-320\" srcset=\"https:\/\/lesescholiers.fr\/site\/wp-content\/uploads\/2014\/07\/carte.png 599w, https:\/\/lesescholiers.fr\/site\/wp-content\/uploads\/2014\/07\/carte-300x134.png 300w, https:\/\/lesescholiers.fr\/site\/wp-content\/uploads\/2014\/07\/carte-480x215.png 480w\" sizes=\"(max-width: 599px) 100vw, 599px\" \/><\/a><\/figure>\n<p><br \/>\n<\/p>\n<h2 class=\"wp-block-heading\">Nous envoyer un message<\/h2>\n<p><br \/>\n<br \/>\n<br \/>\n<\/p>\n<div class=\"wp-block-contact-form-7-contact-form-selector\"><p>[\/vc_column_text][vc_column_text]<\/p>\n<p>Attention, aucune demande de r\u00e9servation ne pourra \u00eatre trait\u00e9e via ce formulaire de contact. <\/p>\n<p>[\/vc_column_text][\/vc_column][\/vc_row][vc_row][vc_column][vc_column_text]<\/div>\n<p>[\/vc_column_text][\/vc_column][\/vc_row][vc_row][vc_column]\t<div class=\"lc_swp_boxed\">\r\n\t\t<div class=\"lucille_contactform vc_lc_contactform\">\r\n\t\t\t<form class=\"lucille_contactform\">\t\t\t\t\t\t\r\n\t\t\t\t<ul class=\"contactform_fields\">\r\n\r\n\t\t\t\t\t<li class=\"comment-form-author vc_lc_element lucille_cf_entry\">\r\n\t\t\t\t\t\t<input type=\"text\" placeholder=\"Votre nom\" name=\"contactName\" id=\"contactName\" class=\"lucille_cf_input required requiredField contactNameInput\" \/>\r\n\t\t\t\t\t\t<div class=\"lucille_cf_error\">Merci d&#039;indiquer votre nom<\/div>\r\n\t\t\t\t\t<\/li>\r\n\r\n\t\t\t\t\t<li class=\"comment-form-email vc_lc_element lucille_cf_entry\">\r\n\t\t\t\t\t\t<input type=\"text\" placeholder=\"Email \" name=\"email\" id=\"contactemail\" class=\"lucille_cf_input required requiredField email\" \/>\r\n\t\t\t\t\t\t<div class=\"lucille_cf_error\">Merci d&#039;indiquer une adresse email correcte<\/div>\r\n\t\t\t\t\t<\/li>\r\n\r\n\t\t\t\t\t<li class=\"comment-form-url vc_lc_element lucille_cf_entry\">\r\n\t\t\t\t\t\t<input type=\"text\" placeholder=\"Votre num\u00e9ro de t\u00e9l\u00e9phone \" name=\"phone\" id=\"phone\" class=\"lucille_cf_input\" \/>\r\n\t\t\t\t\t<\/li>\r\n\r\n\t\t\t\t\t<li class=\"comment-form-comment vc_lc_element lucille_cf_entry\">\r\n\t\t\t\t\t\t<textarea name=\"comments\" placeholder=\"Message \" id=\"commentsText\" rows=\"10\" cols=\"30\" class=\"lucille_cf_input required requiredField contactMessageInput\"><\/textarea>\r\n\t\t\t\t\t\t<div class=\"lucille_cf_error\">Please enter a message<\/div>\r\n\t\t\t\t\t<\/li>\r\n\r\n\t\t\t\t\t<li class=\"captcha_error lucille_cf_error\">\r\n\t\t\t\t\t\t<span class=\"error\">Incorrect reCaptcha. Please enter reCaptcha challenge.<\/span>\r\n\t\t\t\t\t<\/li>\r\n\r\n\t\t\t\t\t<li class=\"wp_mail_error\">\r\n\t\t\t\t\t\t<div class=\"lucille_cf_error\">Cannot send mail, an error occurred while delivering this message. Please try again later.<\/div>\r\n\t\t\t\t\t<\/li>\t\r\n\r\n\t\t\t\t\t<li class=\"formResultOK\">\r\n\t\t\t\t\t\t<div class=\"lucille_cf_error\">Votre message a \u00e9t\u00e9 envoy\u00e9 avec succ\u00e8s, merci !<\/div>\r\n\t\t\t\t\t<\/li>\r\n\t\t\t\t\t\t\t\t\t\t<li>\t\r\n\t\t\t\t\t\t<div class=\"g-recaptcha\" data-sitekey=\"6Ld17U0sAAAAAJcTJdNWsk4Yr9IOfBaF15VK4gej\" data-theme=\"light\"><\/div>\r\n\t\t\t\t\t<\/li>\r\n\t\t\t\t\t\t\t\t\t\t<li>\r\n\t\t\t\t\t\t<input name=\"Button1\" type=\"submit\" id=\"submit\" class=\"lc_button\" value=\"Envoyer le message\" >\r\n\t\t\t\t\t\t\t\t\t\t\t<\/li>\r\n\r\n\t\t\t\t<\/ul>\r\n\t\t\t\t<input type=\"hidden\" name=\"action\" value=\"lucillecontactform_action\" \/>\r\n\t\t\t\t<input type=\"hidden\" id=\"contactform_nonce\" name=\"contactform_nonce\" value=\"5a9f2fbd03\" \/><input type=\"hidden\" name=\"_wp_http_referer\" value=\"\/site\/wp-json\/wp\/v2\/pages\/439\" \/>\t\t\t<\/form>\r\n\t\t<\/div>\r\n\t<\/div>\r\n\t[\/vc_column][\/vc_row]<\/p>\n<\/div>","protected":false},"excerpt":{"rendered":"<p>[vc_row][vc_column][vc_column_text] Coordonn\u00e9es LES ESCHOLIERS THEATRE DE L&rsquo;ECHANGE 26 rue Sommeiller 74000 Annecy T\u00e9l\u00e9phone: 06 52 07 87 98 Plan d&rsquo;acc\u00e8s Nous envoyer un message [\/vc_column_text][\/vc_column][\/vc_row][vc_row][vc_column][\/vc_column][\/vc_row]<\/p>\n","protected":false},"author":1,"featured_media":0,"parent":0,"menu_order":0,"comment_status":"closed","ping_status":"closed","template":"","meta":{"_exactmetrics_skip_tracking":false,"_exactmetrics_sitenote_active":false,"_exactmetrics_sitenote_note":"","_exactmetrics_sitenote_category":0,"footnotes":""},"class_list":["post-439","page","type-page","status-publish","hentry"],"_links":{"self":[{"href":"https:\/\/lesescholiers.fr\/site\/wp-json\/wp\/v2\/pages\/439","targetHints":{"allow":["GET"]}}],"collection":[{"href":"https:\/\/lesescholiers.fr\/site\/wp-json\/wp\/v2\/pages"}],"about":[{"href":"https:\/\/lesescholiers.fr\/site\/wp-json\/wp\/v2\/types\/page"}],"author":[{"embeddable":true,"href":"https:\/\/lesescholiers.fr\/site\/wp-json\/wp\/v2\/users\/1"}],"replies":[{"embeddable":true,"href":"https:\/\/lesescholiers.fr\/site\/wp-json\/wp\/v2\/comments?post=439"}],"version-history":[{"count":11,"href":"https:\/\/lesescholiers.fr\/site\/wp-json\/wp\/v2\/pages\/439\/revisions"}],"predecessor-version":[{"id":6089,"href":"https:\/\/lesescholiers.fr\/site\/wp-json\/wp\/v2\/pages\/439\/revisions\/6089"}],"wp:attachment":[{"href":"https:\/\/lesescholiers.fr\/site\/wp-json\/wp\/v2\/media?parent=439"}],"curies":[{"name":"wp","href":"https:\/\/api.w.org\/{rel}","templated":true}]}}